ommon factor of n and 112?
16
Let v(g) = -7*g**3 + g**2 - 2*g - 1. Let y be v(-2). Suppose -5*i = -2*w + 29, 3*i = 6*w - w - y. What is the greatest common divisor of 6 and w?
6
Suppose -3*j + 56 = 2. Let r = 4 + -2. Suppose -25 = -4*h + 3*l + j, 21 = r*h - l. Calculate the highest common divisor of 4 and h.
2
Suppose -5*j = 4 - 14. Suppose -6 = -v + j. What is the highest common divisor of v and 64?
8
Let g = -14 - -28. Let n be (-14)/(-4) - (-21)/g. What is the greatest common divisor of n and 5?
5
Let k = -3 - -5. Suppose 15 = -k*v - v, t = -3*v - 12. Suppose -10 = 4*f - 34. Calculate the greatest common divisor of f and t.
3
Let u be ((-16)/3)/(4/(-18)). Let w be (9/2)/(u/32). What is the greatest common factor of w and 3?
3
Suppose -30*a + 33 = -27*a. What is the highest common divisor of 88 and a?
11
Suppose -4*a = 12 - 4. Let f be -3 - (-24 + a/2). What is the greatest common factor of f and 11?
11
Suppose -k + 48 = 3*k. Let h = k - 8. Suppose -v + 65 = h*g - 75, 2*v + 152 = 4*g. What is the highest common divisor of 4 and g?
4
Suppose 0*z - 5*z + 20 = 0. Suppose z*c = c. Let n be (1 - c - -3) + 2. What is the highest common factor of n and 66?
6
Let p(j) be the third derivative of j**5/60 + j**4/12 + j**3/6 - j**2. Let d be p(-5). Let t = d + -1. What is the greatest common divisor of 15 and t?
15
Suppose 5*z - 5*n - 93 = -n, 4*n = -z + 33. What is the highest common factor of z and 84?
21
Let o = -38 - -68. What is the highest common factor of 5 and o?
5
Let w(i) = i**3 - 9*i**2 - 7*i - 5. Let o be w(10). What is the greatest common divisor of 50 and o?
25
Let k = -13 - -25. What is the highest common factor of k and 12?
12
Let g be 1 - -1*(3 + 3). Calculate the highest common divisor of 21 and g.
7
Suppose 0 = -3*o + 12, -4*d - 5*o - 11 + 67 = 0. What is the greatest common divisor of d and 90?
9
Let k be ((-3)/(-5))/(2/30). Calculate the greatest common factor of 81 and k.
9
Let z(m) = -m + 4. Let c = -4 - -4. Let o be z(c). Suppose 0 = o*b - 18 + 6. What is the greatest common factor of 9 and b?
3
Suppose -3*g + g + 22 = 0. What is the highest common divisor of g and 1?
1
Let y = 5 - 3. Suppose 10 = y*w - 0*w. Suppose -4*t + 3*f + 4 = 0, w*t + 3*f - 1 = 4. What is the highest common factor of 2 and t?
1
Let o(j) = -j**2 + 16*j - 6. Let q be o(12). Calculate the highest common factor of 28 and q.
14
Let b(z) = -z**2 - 7*z + 2. Let m be b(-7). Let s be (8 + -11)/(m/(-6)). Calculate the highest common factor of s and 6.
3
Suppose 5*x = 3*f + 260, -3*x + f + 106 = -54. Calculate the highest common divisor of 5 and x.
5
Let i(q) = 0*q + 8 - 3*q + 0*q. Let r be i(-6). Let m = 116 - 77. What is the highest common divisor of m and r?
13
Let h = 0 - -3. Let i be ((-9)/(-6))/(h/10). Suppose 3*r - 15 = 2*r - 5*n, i*r - 4*n - 46 = 0. What is the highest common factor of r and 25?
5
Let u be 7 + 1/(3/(-3)). Let s(f) = f + 11. Let d be s(0). Suppose 4*t - 2*y = 40, 3*t - y = 2*t + d. What is the highest common divisor of u and t?
3
Let p be ((-117)/(-18) - 8) + (-190)/(-4). Calculate the greatest common divisor of p and 2.
2
Suppose k = -2*k + 63. What is the greatest common factor of 14 and k?
7
Let q = 7 - 5. Suppose 0 = -6*k + 8*k - 4. Suppose -m - k*m - 4*l + 26 = 0, 4*l - 36 = -4*m. Calculate the highest common factor of q and m.
2
Let u = 6 - 20. Let y be 14/49 + (-136)/u. What is the greatest common factor of 80 and y?
10
Let s be (-2)/(-3) + 326/6. Suppose -o - c = 2, -o + 13 = c - 3*c. Suppose z - 17 = o*b, -z + b = -2*z + 9. What is the highest common divisor of z and s?
11
Let r be 10/(-30) - 50/(-6). Suppose -v + r = -2*d, 5*v + 6*d - 2*d = 40. What is the highest common divisor of 12 and v?
4
Let o(r) = r**2 + 14*r + 27. Let t be o(-12). What is the greatest common factor of 9 and t?
3
Let z = 2 - -7. Suppose -5*r = -4*r - 3. Let y be (14/6)/(r/z). Calculate the greatest common divisor of y and 56.
7
Let m(y) = 4*y. Let c be m(-1). Let u = c - -7. Calculate the greatest common divisor of u and 9.
3
Let k be ((-460)/30)/((-3)/18). Calculate the greatest common factor of k and 46.
46
Let u be (31/(-4))/(11/(-44)). Calculate the highest common factor of 124 and u.
31
Let j = 4 - -32. Let v = 95 + -59. Suppose 0 = 4*u - 8*u + v. What is the highest common divisor of j and u?
9
Let q = -23 + 41. Let t = 88 + 56. Calculate the highest common factor of q and t.
18
Let g be (-2)/(-3)*-3 + 20. Let k = g - 7. Let d(a) = -21*a - 5. Let c be d(-6). What is the highest common divisor of c and k?
11
Let l be (-2 - -2)/(8/(-4)). Let h be 1 + l - (-10 + 5). What is the greatest common factor of 12 and h?
6
Suppose -6 - 3 = m. Let z(v) = -2*v**3 + 6*v**2 - v - 3. Let s be z(4). Let b = m - s. Calculate the highest common divisor of 20 and b.
10
Suppose 5 = k - 6. Suppose -3*o - 2*m = -229, -3 + 82 = o - 2*m. Calculate the highest common divisor of k and o.
11
Let m(f) = -f**2 + 7*f + 4. Let p be m(7). Suppose 5*w - 32 = -c, -p*w + 2*c - 2 + 36 = 0. What is the highest common divisor of w and 63?
7
Let b = -6 + 8. Suppose 2*y - 3*x + b*x = 21, 4*y + x - 57 = 0. Let d = y + -7. What is the highest common factor of d and 18?
6
Let c(b) = -b**2 - 9*b + 2. Let d be c(-8). What is the highest common factor of d and 5?
5
Suppose -81 = -3*o + 87. What is the greatest common divisor of o and 14?
14
Suppose 0 = -4*c - 3*u + 28, -3*c - 2*u = -5*c + 28. Suppose -3*z + 3*k = -15, 0 = 2*z - 7*k + 2*k - 10. Calculate the greatest common factor of z and c.
5
Let l = -27 + 11. Let q = 28 + l. Suppose -5*z + 78 + q = 0. What is the greatest common factor of z and 12?
6
Suppose -120 = -i - 3*i. Suppose 4*h - 22 = 2. Calculate the highest common factor of i and h.
6
Suppose 3*v - 284 = v. Let h = v - 65. What is the highest common divisor of h and 7?
7
Let h(z) = -2*z + 2. Let b be h(-9). What is the highest common divisor of b and 30?
10
Suppose -f + 3*n = -210, -f - 69 + 287 = -5*n. What is the highest common divisor of f and 18?
18
Let g = 9 - 6. Suppose g*l - 29 = 16. Let h(y) = 6*y**2 - y - 1. Let x be h(-1). What is the greatest common divisor of l and x?
3
Let w = 5 + 0. Suppose 6 = g + 1. Suppose -5*y - 9 = -g*i - 84, 0 = y - 3*i - w. What is the highest common factor of 5 and y?
5
Let n be 122/2 + 1 - 2. Let d(z) = 27*z**3 - z. Let c be d(1). Let f = c - 14. Calculate the greatest common factor of f and n.
12
Let o(y) = -y - 2. Let p be o(-5). Suppose 3*c = -2*d + d - 13, 0 = -3*d - p*c - 9. Suppose 2*u + 6 - 14 = 0. Calculate the highest common factor of u and d.
2
Suppose n - 21 = 10. What is the highest common divisor of n and 31?
31
Suppose 4*y - 136 = 2*y. Suppose -2*l + y = -2. What is the highest common divisor of 5 and l?
5
Let p(x) = 8*x + 4. Let c be p(3). Calculate the greatest common divisor of c and 70.
14
Let k = 355 + -247. Let v be (-32)/(-12)*(-18)/(-4). Calculate the greatest common divisor of k and v.
12
Let o(s) = -s**3 - 4*s**2 - 6*s. Let k be (-3)/(-2)*12/2. Suppose -3*l - k = 6. Let v be o(l). What is the greatest common divisor of v and 22?
11
Let k be -3 - (-7)/((-7)/(-27)). Calculate the highest common factor of 12 and k.
12
Let m(p) = -p - 1. Let i be m(-2). What is the highest common divisor of i and 2?
1
Suppose -2*f - f + 66 = 0. Let z = -11 + f. What is the highest common divisor of 88 and z?
11
Suppose 3*s = -4*z + 40, -2*s - 3*z + 21 = -6. What is the greatest common divisor of 84 and s?
12
Let h = -45 - -122. Let v be (-1)/4 + (-29)/(-4). Suppose c - 8 = x, v*x - 3 = -c + 3*x. What is the greatest common divisor of c and h?
7
Suppose 0 = 5*f + 3*p - 104, 8 = 4*f + p - 78. Calculate the greatest common factor of 286 and f.
22
Let l be ((-1)/(-2))/(2/(-16)). Let o be (-2 - 4)/(6/l). Suppose 5*g = 0, 2*s = s - 3*g + o. What is the greatest common divisor of s and 32?
4
Let g(v) = 197*v**3 + 2*v - 1. Let j be g(1). What is the highest common divisor of 11 and j?
11
Let l be ((-13)/(-2))/(1/14). Suppose -z = 4*b - 14, 2*b + 4*z = 13 + 1. Let j be (2 + -1)/(b/39). Calculate the highest common factor of l and j.
13
Suppose -w = 0, 6*w - 180 = -5*v + 5*w. What is the greatest common factor of 48 and v?
12
Let z = 2 + -3. Let s be 30/(-2)*z/3. Suppose 0*i + 16 = -3*i - 5*j, j + s = 0. What is the highest common factor of 3 and i?
